pose -2498211 = -12*j - 871527. Is j a composite number?
True
Let a(p) = -585*p + 839. Is a(-6) a prime number?
True
Let f be (-1 + (-10)/(-4))/((-13)/(-26)). Suppose -5*w - q = -15057, 3*w - f*q + 4*q - 9035 = 0. Is w a prime number?
True
Let n(o) = 2*o**2 - 25*o - 35. Let a(g) be the second derivative of -g**4/12 + 7*g**3/3 - 10*g**2 + 11*g. Let m be a(10). Is n(m) a prime number?
False
Suppose 2*m + 4828 = -4*z, 0*m = -m - 3*z - 2412. Let u = m - -4853. Is u composite?
True
Let g(b) = 29*b**2 + 35*b - 525. Is g(22) a prime number?
True
Suppose 39*a + 10*a + 20674883 = 78*a. Is a prime?
True
Suppose 7*d - 32*d = -147925. Is d prime?
False
Let t = -4498 + 9823. Suppose -16328 = -b - t. Is b prime?
True
Let w(t) be the second derivative of 37*t**4/12 + t**3/2 - 11*t**2/2 + 21*t. Let b be w(12). Let s = b - 3150. Is s composite?
False
Suppose -3*k - 2*k = 27180. Let y = k - -7721. Is y a prime number?
False
Suppose 0 = -u + 5*a + 2349, 4*u - 53*a + 52*a = 9415. Let h = 13943 + u. Is h composite?
True
Let g = -9319 + 54698. Is g a composite number?
True
Is (0 + 468236/14 - 3) + 32/56 composite?
True
Suppose 0 = 4*f - 35 + 31. Let w be -3*(-6859 + (5 - f)). Suppose 4*x - 19*x + w = 0. Is x a prime number?
False
Let q(r) = r**3 + 21*r**2 - 24*r + 37. Let l be q(29). Suppose -2*u = -3*v - 12989, -8856 = 5*u + 5*v - l. Is u composite?
True
Let p(q) = -q**3 + 10*q**2 + 2*q - 1. Let d(j) = -j**3 + 11*j**2 + 3*j. Let v(g) = -5*d(g) + 6*p(g). Let h be v(3). Is 1*3/(h/2333) a prime number?
True
Let b(i) = 4*i**3 + 7*i**2 - 21*i - 4. Let l(v) = v**3 - v**2 - 1. Let t(q) = -b(q) + 5*l(q). Is t(12) a composite number?
False
Let a(y) = 6 + 354*y + 3 + 123*y - 5. Let s(p) = 1909*p + 16. Let n(i) = 9*a(i) - 2*s(i). Is n(1) a composite number?
False
Let s be (-2 + 2)*(-6)/18. Let i be s - -16*(-1119)/(-6). Suppose -15*y = -7*y - i. Is y a composite number?
False
Is (9/(-3))/(((-441)/98)/(53527*3)) prime?
False
Suppose 3*f - 375 = y, -y - 2 = -5. Suppose f = -5*x + 40051. Is x composite?
True
Suppose 79667 = -14*j + 33*j. Is j a prime number?
False
Is -9*(-9)/216 + 7012116/32 a prime number?
False
Suppose -2*l = -12865 - 43697. Let q be (l/(-44))/((-6)/8). Let a = q + -550. Is a a composite number?
False
Let t(r) = 16*r + r**2 - 9*r + 209 + 208 - 2*r**3 - 410 + 21*r. Suppose 3*h - 24 = 5*k, -13 = 3*k + 3*h + 11. Is t(k) prime?
True
Let i(v) = -209*v**2 - 8*v + 4. Let k be i(-4). Let a = 22159 + k. Is a prime?
False
Let c = 9945 - 3424. Is c a composite number?
False
Is (9/(-54)*-9 - 2)*(-1 + -773173) composite?
False
Let x(u) = -u**2 - 5*u. Let y be -8 + 2 - (6 - 10). Let k be x(y). Is (-1 - 0) + k - -998 composite?
True
Let t(p) be the second derivative of 34*p**3 - 59*p**2/2 - 5*p - 1. Suppose -23 = -2*o + 3*m, -4*o - 2*m - 15 + 101 = 0. Is t(o) composite?
True
Let r(m) = -2*m - 20. Let o be r(-7). Let g(t) = 102*t + 8. Let p be g(6). Is o/2 - p/(-2) a composite number?
False
Suppose -156532 = -5*l - 3*v, -9*v - 62612 = -2*l - 11*v. Is l composite?
False
Let s = 149095 - 78084. Is s a prime number?
True
Let f(a) = -2*a - 81. Let b(q) = 3*q + 82. Let n(p) = -5*b(p) - 6*f(p). Is n(7) prime?
False
Let w(d) = -8*d**2 - 10*d - 63. Let g(n) = -8*n**2 - 10*n - 61. Let a(p) = 2*g(p) - 3*w(p). Is a(11) prime?
False
Suppose c + 21*k - 161786 = 19*k, -3*k + 323576 = 2*c. Is c a composite number?
True
Suppose -4*i = -n + 725481, 2*n - 3*i - 1450997 = -2*i. Is n composite?
True
Let x = 100534 + -29167. Is x prime?
False
Suppose -84*r + 16*r - 32*r = -12605300. Is r a composite number?
True
Let b = -23 - -24. Is (-4)/((-4)/648*3) - b composite?
True
Suppose -5*k + 151196 = -3*v, k - 5297 = 5*v + 24929. Is k composite?
False
Let r = 41 - 39. Suppose -r*m - 3*m + 3*i - 3 = 0, 3*m + 3*i - 3 = 0. Suppose m = 29*v - 28*v - 757. Is v a prime number?
True
Let a(h) = 111*h**2 + 698*h - 509. Is a(-112) a composite number?
False
Is (-5 + 4)/(15 - (-129716016)/(-8647734)) a composite number?
False
Let h(a) = 5 + 7*a + 1 - a**2 - 3*a + 0. Let q be h(5). Is q/(-1)*(2 + -145) prime?
False
Let w be 2238/24*(-3 - -1 - -6). Let h = w - 174. Is h prime?
True
Let z = -31 + 40. Let r(b) = 12*b - 3. Let g be r(z). Suppose g = 2*f - 249. Is f prime?
False
Let r = 188842 + -86785. Is r a prime number?
False
Suppose 0 = -380*h + 386*h. Is (h + 2447/(-2))*-4 prime?
False
Let k be 0 + (-18)/(-8) + 2/(-8). Suppose l - 556 = -4*d, -1112 = -k*l - 2*d - 2*d. Suppose 3*o - 449 = l. Is o composite?
True
Suppose 79*f = 62*f + 6307527. Is f a prime number?
False
Suppose 5*f + 72 = 8*f. Suppose 5*g - f = 13*g. Let z(m) = -20*m**3 + 5*m + 2. Is z(g) composite?
True
Let l(g) = g**3 - 15*g**2 - g + 18. Let c be l(15). Let n(b) = -50*b**c + 445*b + 6 + 148*b**3 - 450*b - 2*b**2. Is n(1) a prime number?
True
Is 540/(-405)*(-6)/(-4) - (-98509 + 0) composite?
False
Suppose -2*t + 76874 = -4*l, 25*t - 24*t + 2*l = 38425. Is t prime?
True
Suppose -m + 18 = -6*m - 3*d, 0 = -2*m + 4*d - 2. Let p(c) = -2011*c**3 - 3*c**2 - 10*c - 5. Is p(m) a prime number?
False
Let c(v) = -7573*v + 36. Suppose 10*a - a = -9. Is c(a) a composite number?
True
Suppose 282446 = -66*w + 71*w + y, 4*y = 4. Is w composite?
False
Suppose 7284*y - 7280*y - 7796 = 0. Is y composite?
False
Let u = -254665 + 435548. Is u a prime number?
True
Suppose -42*i + 49*i = 252. Is 55314/i - 1/(-2) composite?
True
Suppose -6 = -39*d + 38*d. Let k(f) = -d*f - 2*f**2 - 25 - f**3 + 17 - 4*f**2. Is k(-13) a composite number?
True
Let k(i) = -532*i**3 - 5*i**2 + 77*i - 43. Is k(-11) prime?
True
Suppose -4*l + 5*h + 2 = 0, 3*l = 2*h - 3*h - 8. Let i be 1/l - (-2 - (-27)/(-6)). Suppose -i*z + 4585 = -z. Is z a prime number?
False
Suppose -9*v = -13*v + 32. Let j be (v/(-5))/(1*(-6)/1635). Suppose -d + 1695 = j. Is d a prime number?
True
Suppose 4*i = 12*i - 555288. Suppose 6*w = 23*w - i. Is w a composite number?
True
Suppose -3*w = -z - 501915, 0 = 5*w + z - 314446 - 522063. Is w prime?
False
Suppose 4*m - 1790412 = 4*g, -17*m + 447583 = -16*m + 4*g. Is m a prime number?
False
Suppose 0 = 80*s - 77*s + 48. Let o = -11 - s. Let q(u) = 5*u**3 - u**2 - 14*u - 9. Is q(o) a prime number?
True
Let o(a) = -8*a + 34*a**2 - 2*a - 3*a - 3 + 10*a. Let b be o(-4). Let w = 336 + b. Is w prime?
False
Is (-3 - -142)/((-22660)/2519 - -9) + 7 a prime number?
False
Suppose 44*l + 4 = 40*l, -2*t = -2*l - 1944. Is t a composite number?
False
Let b(f) = -f**3 + f**2 + 8*f - 3. Let o be b(3). Let u(j) = 4 + 0 + 11*j + 5*j**2 + 0*j**2 - o*j**3 + 3. Is u(-4) a composite number?
True
Let j(a) = 80*a. Let y be j(2). Suppose 0 = r - 5*d + 7 - 35, 0 = -3*r + d + 140. Suppose -4*f + f + y = -g, -5*g + r = f. Is f composite?
False
Let u(r) be the third derivative of 4*r**6/5 - r**5/20 + r**4/24 - r**3/6 - 52*r**2. Is u(2) prime?
True
Suppose 36*w + 12 = 48*w. Is 9981 - (7 + (w - 12)) a prime number?
False
Let g be 58 - (-18)/6*-2. Suppose 27863 = -41*p + g*p. Is p a composite number?
True
Let p be -8*(-1)/6*(-4401)/1. Let y = 2443 - p. Is y a prime number?
True
Let g(h) = h**2 - 2*h - 12. Let c be g(4). Let o be (-1)/(3*c/912). Suppose 73*x - o*x = -1551. Is x composite?
True
Suppose 0*z + z - 3*x + 13 = 0, -3*x = -5*z - 29. Let l be (3/(-6))/((-2)/z). Is -7*l/(-2)*-778 composite?
True
Let t(f) = -f**2 + 17*f + 113. Let r be t(-5). Suppose 2*o - o - 4720 = -3*j, -2*j = -r*o + 14127. Is o a composite number?
True
Suppose -26*b = 38*b - 2517034 - 1383958. Is b composite?
False
Let y = 3453 - -145. Let v = 729 + y. Is v prime?
True
Suppose 3*u + 76 - 13 = -4*t, u + 76 = -5*t. Let q(b) = -78*b - 127. Is q(t) a composite number?
True
Suppose 3*w + s = 8, -3*w = -8*w - s + 16. Suppose -w*d - 5515 = -9*d. Is d a composite number?
False
Let j(c) = -c**3 - 11*c**2 - 64*c - 13. Is j(-35) prime?
True
Is 10/(-8) + 3/(-4) - (-268198 - -3) composite?
True
Let f = -72 - -77. Is (-23386)/(-12) - f/(-30) a composite number?
False
Suppose -3*z + 4199 + 21580 = 0. Suppose 3*b = -4*p + z, 5*b + 4 = b. Is p prime?
False
Let z(u) = -u**2 + 6*u - 6. Let k be z(2). Suppose 1816 = p - 4*b, -4*p + b + 7303 = -k*b. Suppose -5*w - p = -5663. Is w a prime number?
False
Let m(o) = 47*o**2 - 37*o - 1. Let x be m(16). Suppose -4*v + x = 5*u, 2*u + 2*v + v = 4577. Is u prime?
True
Let r(t) = 50*t**2 - 18*t - 14. Let f b